- 24 = -132. Calculate the highest common divisor of 297 and q.
27
Suppose -1361 = -263*c + 2847. Calculate the highest common factor of c and 16304.
16
Let i = -361 - 1466. Let r = i - -3108. Calculate the greatest common divisor of 21 and r.
21
Let m = 9 + -4. Let q(u) = -7 - 6 - 1 + 10*u - m*u + u**2. Let l be q(7). What is the highest common factor of l and 28?
14
Suppose 35*w - 32*w + 18 = 0. Let o be (-110)/165 - 206/w*2. Suppose 0 = 64*v - o*v + 16. Calculate the highest common divisor of 4 and v.
4
Let j be (-12)/(-5) - 8/(-60)*-3. Suppose 8 = q + 5*y - 6*y, -j*y - 4 = 0. Calculate the highest common divisor of 22 and q.
2
Let c(v) = v**2 + 106*v - 911. Let x be c(9). What is the highest common factor of x and 20?
4
Let v(s) = s**2 + 8*s - 39. Let q be v(0). Let d be (-1864)/(-52) - 6/q. Calculate the highest common factor of 8 and d.
4
Suppose 12*v = 8*v + 124. Let j = -3408 - -3563. Calculate the greatest common factor of j and v.
31
Suppose -45*i + 9790 + 8075 = 0. Let h = i + -343. Calculate the highest common divisor of 198 and h.
18
Let z = 5295 - 3407. What is the greatest common factor of z and 59?
59
Suppose w - 2*v = -3*w - 8, 2*v = 0. Let o be (-2 - 0) + w + 10*3. Suppose 14*r - 15*r + o = 0. Calculate the greatest common divisor of 104 and r.
26
Suppose 23*t - 4679 = 3785. What is the highest common divisor of t and 112?
16
Let t(w) = 100*w**2 + 54*w - 9. Let p be t(-1). Calculate the greatest common divisor of p and 6623.
37
Let r(p) = 22*p + 2064. Let f be r(-84). Calculate the highest common factor of f and 17928.
216
Let q be (((-6288)/(-32))/(2 - (-5)/(-4)))/2. What is the greatest common divisor of q and 12838?
131
Let j be 202 + 9*((-24)/3 + 1406/171). What is the greatest common factor of 8874 and j?
102
Let r = 154 + 1. Let m(j) = -r*j**3 - 2*j**2 + 315*j**3 + 4 - j - 158*j**3. Let k be m(2). What is the highest common divisor of 40 and k?
10
Let r = -5277 + 5422. What is the greatest common factor of 812 and r?
29
Let a(w) = w**3 + 20*w**2 - 71*w + 33. Let y be a(-23). Let n be y + (-1 - 2) - (-3 + 3). Calculate the greatest common divisor of n and 133.
19
Let s be 5226/27 - -10*(-8)/(-540)*3. Calculate the greatest common factor of s and 5820.
194
Let k = -142 - -312. Suppose -25*b + b = -155 - 85. What is the highest common divisor of k and b?
10
Let c be (-95 + 89)*(-175)/10. Let z = 117 + -70. Suppose -z = -5*d + 128. Calculate the greatest common factor of c and d.
35
Let f(s) = -36*s - s**2 + 7*s - s**2 + 0*s**2. Let l be f(-13). Calculate the greatest common divisor of l and 117.
39
Suppose -4*v + 2*z + 4 = 0, 2 = -2*v - 3*z - 4. Suppose 4*g - 964 - 186 = -w, v = 3*g + 4*w - 856. What is the greatest common divisor of g and 64?
32
Let d be 0 - -1 - 7/(28/72). Let b = d - 80. Let x = -1 - b. What is the highest common divisor of 12 and x?
12
Let s = 604 - 241. Suppose -418*c + 77217 = 49939 - 47154 - 127880. Calculate the highest common factor of s and c.
121
Let b = 63 - -713. What is the greatest common factor of b and 6305?
97
Let o(h) = h**3 - 19*h**2 - 1. Let f be (0 - 19/(-2))/((-4)/(-8)). Let a be o(f). Let u be 6/18*a*-3*1. What is the greatest common factor of u and 1?
1
Let f = 107 + -95. Suppose -16*a - 16 = -f*a. Let w be a/(84/9) - 114/(-21). Calculate the greatest common divisor of w and 25.
5
Let r = -2 + 7. Let q = -1880 + 1882. Let g be (3 - r)*((-27)/q - -2). Calculate the highest common factor of g and 230.
23
Suppose 2*l - 58 = -4*m, -634*m = l - 637*m + 6. What is the highest common divisor of 995 and l?
5
Suppose 0 = 5*n + o - 23 - 25, 0 = 3*n - 4*o - 15. Suppose 0 = -17*m - 4*m + 441. Calculate the highest common divisor of m and n.
3
Suppose 7*w = 2*w - 5*k + 270, 0 = -2*w - 4*k + 114. Suppose 3*a - 93 = -w. What is the highest common divisor of a and 266?
14
Suppose -4*v + 10*v = -2*v + 1584. Calculate the greatest common divisor of 2277 and v.
99
Suppose 0 = -4*i - 4*k + 908, -4*i - 2*k = -230 - 674. Calculate the greatest common factor of 477 and i.
9
Let t be 67 - 1 - 4/4. Suppose -5*d + 8 = -d. Suppose 2*k + 0 + 18 = d*b, 0 = 4*b - 3*k - 40. Calculate the greatest common factor of t and b.
13
Suppose -4*q + m = -29, 0*q - 2*q + 25 = 3*m. Suppose 4*i - 7*t + 2*t = 65, -45 = -3*i + 5*t. Calculate the greatest common factor of i and q.
4
Suppose -5*k + 40 = -3*w - 27, w = 4*k - 55. Suppose -101 + 10293 = k*g. What is the highest common divisor of g and 56?
56
Let y be (55/10 - 4)*6. Suppose 12 = y*s - 3*s. Let i = 12 + s. What is the highest common factor of 112 and i?
14
Let d be -5 - (1*-2 + (-217)/31). Calculate the greatest common factor of 2572 and d.
4
Suppose 2873*q + 2576 = 2896*q. Let y be 4/10 - 276/(-10). Calculate the greatest common factor of q and y.
28
Let g be (7/((-14)/4))/((-2)/4). Suppose 3*b - 4*m = 2*b + 74, g*m = -b + 34. Calculate the highest common divisor of b and 12.
6
Let b be (-1 - -1)*1 - -29. Suppose -b = -u - 8. Let f = u + -12. Calculate the greatest common divisor of f and 54.
9
Let t be 17780/381*(-6)/(-8). What is the greatest common factor of t and 1645?
35
Suppose 0 = -9*p - 3*p + 1584. Let m(l) = -6*l - 36. Let j be m(-10). What is the highest common divisor of j and p?
12
Let l = 5 + 6. Let x(h) = -11*h**2 + 5*h - l*h**2 + 16 + 29*h**2 + h**3. Let v be x(-6). Calculate the greatest common divisor of v and 22.
22
Suppose -y + 3 = 2*b - 3*b, 18 = 4*b + 2*y. Suppose -3*g + 84 = 30. What is the greatest common divisor of b and g?
2
Suppose 4*r + 0*r + 8 = 2*s, 0 = -3*s - 5*r + 12. Let t(v) = -16*v - 6. Let u be t(-6). Suppose 46 = 2*j - u. What is the greatest common factor of s and j?
4
Suppose 27*k - 126 = 6*k. Let d = -57 + 79. What is the highest common factor of k and d?
2
Suppose 0 = f - 3*o - 17, 3*o = 4*f - 0*o - 32. Suppose f*t = -2*p + 61, 4*p = -2*t - t + 129. Calculate the greatest common divisor of 165 and p.
33
Suppose -14424 + 14928 = 21*i. Calculate the highest common divisor of 648 and i.
24
Let f be (-36)/4 + (-507)/(-57) + 2856/57. What is the highest common divisor of 310 and f?
10
Suppose 36*w + 2*r = 29*w + 3506, -4*r + 2512 = 5*w. What is the highest common factor of w and 44?
4
Let x = 4566 - 3908. What is the highest common factor of 35 and x?
7
Suppose 4*y - 175 = 3*l, l = -0*l - 5. What is the highest common factor of 5384 and y?
8
Suppose 5*u + 42 = 11*u. Let f be (-1*3)/(((-21)/18)/u). Let v be ((-6)/10 + 0)*-15. Calculate the highest common divisor of v and f.
9
Suppose -450 = -2*y - 146. Suppose -m + 58 + 50 = 3*x, y = 4*x + 4*m. Calculate the greatest common factor of 25 and x.
5
Suppose -512 = -132*p + 412. What is the highest common divisor of p and 371?
7
Let z(l) = -l**2 - 8*l - 1. Let m be z(-7). Suppose 4*j + 30 = m*j. What is the greatest common factor of j and 10?
5
Suppose -14*v + 172120 = 76*v - 140. What is the greatest common divisor of v and 264?
66
Let j = -339 - -342. Suppose j*a = -14*a + 935. What is the highest common factor of a and 66?
11
Let c(u) = -2*u**2 + u - 3*u**2 + 13 + 4*u**2. Let g be c(0). Suppose 2*b - 932 = -906. Calculate the highest common divisor of b and g.
13
Let u be (-268)/(-9) + 1 - 2/(-9). Suppose 0 = -3*m - u*g + 28*g + 210, -4*g = 0. Calculate the greatest common factor of 14 and m.
14
Suppose 0 = 10*q - 17*q + 56. Suppose -4*u + 1192 = 216. What is the greatest common factor of q and u?
4
Let z be (-48)/18*(-126)/8. Calculate the highest common factor of 182 and z.
14
Suppose -3*w - 2*h = -39, -4*w + 5*h - 7 = -36. Suppose 0*z + 946 = w*z. What is the highest common divisor of 301 and z?
43
Let h(c) = c**2 + 56*c + 269. Let r be h(-51). Let v = -26 - -178. Suppose -r*s = -10*s - v. What is the highest common divisor of s and 95?
19
Suppose 0 = -2*s - 6, -5803 = -4*m - 3*s - 2144. What is the greatest common divisor of m and 28?
7
Suppose k = 4*s + 38, -3*k - 2*s + 45 = 1. Suppose -2*b = 3*y - 18, b + 8*y - 9 = 11*y. What is the greatest common divisor of b and k?
9
Let f(g) = 2*g**3 - 11*g**2 + 20*g + 4. Let k be f(4). Let a be (840/k)/((-3)/(-9)). What is the greatest common factor of a and 266?
14
Let u be (-21)/(-12)*(-60)/(-5). Calculate the greatest common factor of 381 and u.
3
Let c(h) = h + 11. Let r be c(-7). Suppose -u + r = 4. Suppose -3*a - 12 = u, -2*w + 3